{"id":950,"date":"2023-05-24T13:53:30","date_gmt":"2023-05-24T11:53:30","guid":{"rendered":"https:\/\/www.asinoe-gmbh.at\/?page_id=950"},"modified":"2023-05-30T08:26:50","modified_gmt":"2023-05-30T06:26:50","slug":"archaeologie","status":"publish","type":"page","link":"https:\/\/www.asinoe-gmbh.at\/?page_id=950","title":{"rendered":"Arch\u00e4ologie"},"content":{"rendered":"\n<h2 class=\"wp-block-heading\">Arch\u00e4ologische Grabungen<\/h2>\n\n\n\n<p>Wir f\u00fchren arch\u00e4ologische Ausgrabungen, sowohl im st\u00e4dtischen als auch im l\u00e4ndlichen Raum durch.<\/p>\n\n\n\n<p>Unser Team besitzt langj\u00e4hrige Erfahrungen bei der Durchf\u00fchrung von Grabungen in Innenst\u00e4dte und bei Fl\u00e4chengrabung, etwa bei der Umsetzung von Stra\u00dfenbauprojekten oder bei der Bebauung von Gewerbefl\u00e4chen.<\/p>\n\n\n\n<div style=\"height:10px\" aria-hidden=\"true\" class=\"wp-block-spacer\"><\/div>\n\n\n\n<div class=\"wp-block-group is-nowrap is-layout-flex wp-container-core-group-is-layout-6c531013 wp-block-group-is-layout-flex\">\n<figure class=\"wp-block-image size-large is-resized\"><img loading=\"lazy\" decoding=\"async\" src=\"https:\/\/www.asinoe-gmbh.at\/wp-content\/uploads\/2023\/05\/Archaeologie-Arbeitsfoto_5-2-1024x669.jpg\" alt=\"\" class=\"wp-image-1090\" width=\"556\" height=\"363\" srcset=\"https:\/\/www.asinoe-gmbh.at\/wp-content\/uploads\/2023\/05\/Archaeologie-Arbeitsfoto_5-2-1024x669.jpg 1024w, https:\/\/www.asinoe-gmbh.at\/wp-content\/uploads\/2023\/05\/Archaeologie-Arbeitsfoto_5-2-300x196.jpg 300w, https:\/\/www.asinoe-gmbh.at\/wp-content\/uploads\/2023\/05\/Archaeologie-Arbeitsfoto_5-2-768x502.jpg 768w, https:\/\/www.asinoe-gmbh.at\/wp-content\/uploads\/2023\/05\/Archaeologie-Arbeitsfoto_5-2-1536x1004.jpg 1536w, https:\/\/www.asinoe-gmbh.at\/wp-content\/uploads\/2023\/05\/Archaeologie-Arbeitsfoto_5-2-2048x1338.jpg 2048w\" sizes=\"auto, (max-width: 556px) 100vw, 556px\" \/><\/figure>\n\n\n\n<figure class=\"wp-block-image size-large is-resized\"><img loading=\"lazy\" decoding=\"async\" src=\"https:\/\/www.asinoe-gmbh.at\/wp-content\/uploads\/2023\/05\/DSC_0010-1024x683.jpg\" alt=\"\" class=\"wp-image-1061\" width=\"556\" height=\"363\"\/><\/figure>\n<\/div>\n\n\n\n<div style=\"height:100px\" aria-hidden=\"true\" class=\"wp-block-spacer\"><\/div>\n\n\n\n<h2 class=\"wp-block-heading\">Prospektion<\/h2>\n\n\n\n<p>Vor dem Beginn Ihrer Bauma\u00dfnahme kann eine arch\u00e4ologische Prospektion sinnvoll sein. Diese wird in Absprache mit dem Bundesdenkmalamt meist in einem vorbereitenden Oberbodenabtrag ausgef\u00fchrt, auf dessen Grundlage eine weitere Planung der arch\u00e4ologischen Ma\u00dfnahme entwickelt wird.<\/p>\n\n\n\n<div class=\"wp-block-group is-nowrap is-layout-flex wp-container-core-group-is-layout-6c531013 wp-block-group-is-layout-flex\">\n<figure class=\"wp-block-image size-full is-resized\"><img loading=\"lazy\" decoding=\"async\" src=\"https:\/\/www.asinoe-gmbh.at\/wp-content\/uploads\/2023\/05\/Bild1.jpg\" alt=\"\" class=\"wp-image-1098\" width=\"556\" height=\"363\"\/><\/figure>\n\n\n\n<figure class=\"wp-block-image size-large is-resized\"><img loading=\"lazy\" decoding=\"async\" src=\"https:\/\/www.asinoe-gmbh.at\/wp-content\/uploads\/2023\/05\/Bild2-1024x674.jpg\" alt=\"\" class=\"wp-image-1099\" width=\"556\" height=\"363\"\/><\/figure>\n<\/div>\n\n\n\n<div style=\"height:100px\" aria-hidden=\"true\" class=\"wp-block-spacer\"><\/div>\n","protected":false},"excerpt":{"rendered":"<p>Arch\u00e4ologische Grabungen Wir f\u00fchren arch\u00e4ologische Ausgrabungen, sowohl im st\u00e4dtischen als auch im l\u00e4ndlichen Raum durch. Unser Team besitzt langj\u00e4hrige Erfahrungen bei der Durchf\u00fchrung von Grabungen in Innenst\u00e4dte und bei Fl\u00e4chengrabung, etwa bei der Umsetzung von Stra\u00dfenbauprojekten oder bei der Bebauung von Gewerbefl\u00e4chen. Prospektion Vor dem Beginn Ihrer Bauma\u00dfnahme kann eine arch\u00e4ologische Prospektion sinnvoll sein. Diese [&hellip;]<\/p>\n","protected":false},"author":2,"featured_media":0,"parent":104,"menu_order":1,"comment_status":"closed","ping_status":"closed","template":"","meta":{"footnotes":""},"class_list":["post-950","page","type-page","status-publish","hentry"],"aioseo_notices":[],"_links":{"self":[{"href":"https:\/\/www.asinoe-gmbh.at\/index.php?rest_route=\/wp\/v2\/pages\/950","targetHints":{"allow":["GET"]}}],"collection":[{"href":"https:\/\/www.asinoe-gmbh.at\/index.php?rest_route=\/wp\/v2\/pages"}],"about":[{"href":"https:\/\/www.asinoe-gmbh.at\/index.php?rest_route=\/wp\/v2\/types\/page"}],"author":[{"embeddable":true,"href":"https:\/\/www.asinoe-gmbh.at\/index.php?rest_route=\/wp\/v2\/users\/2"}],"replies":[{"embeddable":true,"href":"https:\/\/www.asinoe-gmbh.at\/index.php?rest_route=%2Fwp%2Fv2%2Fcomments&post=950"}],"version-history":[{"count":28,"href":"https:\/\/www.asinoe-gmbh.at\/index.php?rest_route=\/wp\/v2\/pages\/950\/revisions"}],"predecessor-version":[{"id":1158,"href":"https:\/\/www.asinoe-gmbh.at\/index.php?rest_route=\/wp\/v2\/pages\/950\/revisions\/1158"}],"up":[{"embeddable":true,"href":"https:\/\/www.asinoe-gmbh.at\/index.php?rest_route=\/wp\/v2\/pages\/104"}],"wp:attachment":[{"href":"https:\/\/www.asinoe-gmbh.at\/index.php?rest_route=%2Fwp%2Fv2%2Fmedia&parent=950"}],"curies":[{"name":"wp","href":"https:\/\/api.w.org\/{rel}","templated":true}]}}